{"id":2529,"date":"2025-04-12T06:47:54","date_gmt":"2025-04-12T04:47:54","guid":{"rendered":"https:\/\/galerie-ancienne-poste.com\/?post_type=product&#038;p=2529"},"modified":"2025-11-19T16:37:37","modified_gmt":"2025-11-19T15:37:37","slug":"catalogue-laura-pasquino","status":"publish","type":"product","link":"https:\/\/galerie-ancienne-poste.com\/fr\/produit\/catalogue-laura-pasquino\/","title":{"rendered":"Laura Pasquino &#8211; 2024"},"content":{"rendered":"<p>Catalogue\u00a0 Laura Pasquino \u00ab Vers l\u2019int\u00e9rieur \u00bb publi\u00e9 \u00e0 l&rsquo;occasion de l&rsquo;exposition de l&rsquo;artiste \u00e0 la Galerie de l&rsquo;Ancienne Poste.<br \/>\nTextes : Guillaume Morel, journaliste, critique d\u2019art<br \/>\nTraduction : Marina Duval Matthews<br \/>\nPhotos : Laura Pasquino<br \/>\n32 pages, format : 21 x 28 cm.<br \/>\nParution avril 2025.<br \/>\nISBN 978-2-491917-14-2<\/p>\n<p>Prix public : 10\u20ac + frais de port<\/p>\n","protected":false},"excerpt":{"rendered":"<p>Catalogue\u00a0 Laura Pasquino \u00ab Vers l\u2019int\u00e9rieur \u00bb publi\u00e9 \u00e0 l&rsquo;occasion de l&rsquo;exposition de l&rsquo;artiste \u00e0 la Galerie de l&rsquo;Ancienne Poste. Textes : Guillaume Morel, journaliste, critique d\u2019art Traduction : Marina Duval Matthews Photos : Laura Pasquino 32 pages, format : 21 x 28 cm. Parution avril 2025. ISBN 978-2-491917-14-2 Prix public : 10\u20ac + frais&#8230;<\/p>\n","protected":false},"featured_media":426,"template":"","meta":{"_acf_changed":false,"_kad_blocks_custom_css":"","_kad_blocks_head_custom_js":"","_kad_blocks_body_custom_js":"","_kad_blocks_footer_custom_js":"","_kad_post_transparent":"default","_kad_post_title":"","_kad_post_layout":"default","_kad_post_sidebar_id":"","_kad_post_content_style":"default","_kad_post_vertical_padding":"default","_kad_post_feature":"","_kad_post_feature_position":"","_kad_post_header":false,"_kad_post_footer":false,"_kad_post_classname":""},"artiste_":[207],"product_brand":[],"product_cat":[229],"product_tag":[],"class_list":{"0":"post-2529","1":"product","2":"type-product","3":"status-publish","4":"has-post-thumbnail","6":"artiste_-laura-pasquino","7":"product_cat-publication","9":"first","10":"instock","11":"shipping-taxable","12":"purchasable","13":"product-type-simple","14":"entry","15":"content-bg","16":"loop-entry"},"acf":[],"taxonomy_info":{"artiste_":[{"value":207,"label":"Laura Pasquino"}],"product_cat":[{"value":229,"label":"Publication"}]},"featured_image_src_large":["https:\/\/galerie-ancienne-poste.com\/wp-content\/uploads\/2025\/07\/laura-pasquino-catalogue-768x1024.jpg",768,1024,true],"author_info":[],"comment_info":"","_links":{"self":[{"href":"https:\/\/galerie-ancienne-poste.com\/fr\/wp-json\/wp\/v2\/product\/2529","targetHints":{"allow":["GET"]}}],"collection":[{"href":"https:\/\/galerie-ancienne-poste.com\/fr\/wp-json\/wp\/v2\/product"}],"about":[{"href":"https:\/\/galerie-ancienne-poste.com\/fr\/wp-json\/wp\/v2\/types\/product"}],"wp:featuredmedia":[{"embeddable":true,"href":"https:\/\/galerie-ancienne-poste.com\/fr\/wp-json\/wp\/v2\/media\/426"}],"wp:attachment":[{"href":"https:\/\/galerie-ancienne-poste.com\/fr\/wp-json\/wp\/v2\/media?parent=2529"}],"wp:term":[{"taxonomy":"artiste_","embeddable":true,"href":"https:\/\/galerie-ancienne-poste.com\/fr\/wp-json\/wp\/v2\/artiste_?post=2529"},{"taxonomy":"product_brand","embeddable":true,"href":"https:\/\/galerie-ancienne-poste.com\/fr\/wp-json\/wp\/v2\/product_brand?post=2529"},{"taxonomy":"product_cat","embeddable":true,"href":"https:\/\/galerie-ancienne-poste.com\/fr\/wp-json\/wp\/v2\/product_cat?post=2529"},{"taxonomy":"product_tag","embeddable":true,"href":"https:\/\/galerie-ancienne-poste.com\/fr\/wp-json\/wp\/v2\/product_tag?post=2529"}],"curies":[{"name":"wp","href":"https:\/\/api.w.org\/{rel}","templated":true}]}}

<p>Catalogue  Laura Pasquino « Vers l’intérieur » publié à l&rsquo;occasion de l&rsquo;exposition de l&rsquo;artiste à la Galerie de l&rsquo;Ancienne Poste.<br />
Textes : Guillaume Morel, journaliste, critique d’art<br />
Traduction : Marina Duval Matthews<br />
Photos : Laura Pasquino<br />
32 pages, format : 21 x 28 cm.<br />
Parution avril 2025.<br />
ISBN 978-2-491917-14-2</p>
<p>Prix public : 10€ + frais de port</p>

<p>Catalogue  Laura Pasquino « Vers l’intérieur » publié à l&rsquo;occasion de l&rsquo;exposition de l&rsquo;artiste à la Galerie de l&rsquo;Ancienne Poste. Textes : Guillaume Morel, journaliste, critique d’art Traduction : Marina Duval Matthews Photos : Laura Pasquino 32 pages, format : 21 x 28 cm. Parution avril 2025. ISBN 978-2-491917-14-2 Prix public : 10€ + frais&#8230;</p>
